Calculate the greatest common divisor of 116598025 and 100.
25
What is the highest common divisor of 271956296 and 4?
4
What is the highest common factor of 2244 and 26497356?
204
What is the greatest common divisor of 482911047 and 177?
177
Calculate the greatest common divisor of 585 and 94614.
39
Calculate the greatest common factor of 9935532 and 8100.
36
Calculate the greatest common factor of 456571513 and 89.
89
What is the highest common divisor of 587136 and 149424?
528
What is the greatest common factor of 100976 and 162976?
16
What is the greatest common divisor of 2208978 and 177?
3
Calculate the highest common divisor of 38100 and 768.
12
Calculate the greatest common factor of 43696 and 14800.
16
Calculate the greatest common factor of 252 and 44950563.
63
What is the highest common factor of 184688 and 611184?
1904
What is the greatest common factor of 119920 and 43740?
20
What is the greatest common divisor of 37 and 123133003?
37
What is the greatest common factor of 1053 and 661102?
13
Calculate the highest common factor of 166892246 and 1546.
1546
Calculate the greatest common factor of 2090 and 1010.
10
What is the greatest common factor of 121270 and 370?
10
Calculate the highest common divisor of 17639 and 2655523.
569
What is the highest common factor of 19879636 and 644?
644
Calculate the greatest common divisor of 743653 and 55483.
113
What is the greatest common factor of 10295 and 6767933?
2059
Calculate the highest common divisor of 14296887 and 27.
9
What is the highest common factor of 22 and 171651040?
22
What is the greatest common factor of 2399712 and 672?
672
What is the highest common factor of 54438429 and 3?
3
What is the greatest common divisor of 370157931 and 52?
13
What is the greatest common divisor of 377 and 154599?
29
What is the highest common divisor of 2045364 and 36?
12
Calculate the greatest common divisor of 9228586 and 340.
34
What is the greatest common divisor of 94833232 and 393536?
8944
What is the highest common divisor of 15 and 800022405?
15
Calculate the highest common factor of 20 and 1436235420.
20
Calculate the greatest common divisor of 492 and 735139020.
492
What is the highest common factor of 20 and 17701104?
4
Calculate the highest common factor of 1120 and 286288.
16
What is the greatest common factor of 48 and 8200896?
48
Calculate the highest common divisor of 4130238 and 217024.
6782
What is the greatest common divisor of 144040 and 2398565?
65
Calculate the greatest common divisor of 5612 and 96416.
92
What is the greatest common divisor of 25779890 and 760?
10
What is the greatest common divisor of 2245806 and 270?
54
Calculate the highest common divisor of 11151 and 662452.
413
Calculate the highest common divisor of 56744496 and 126.
18
Calculate the highest common divisor of 194688 and 792576.
1152
What is the greatest common divisor of 168 and 62003984?
56
Calculate the greatest common divisor of 12907809 and 135.
27
What is the greatest common factor of 16733 and 420633?
577
What is the greatest common factor of 136 and 6573118?
34
Calculate the highest common divisor of 5 and 5117400.
5
What is the highest common divisor of 119 and 256585?
7
What is the highest common factor of 240 and 20467360?
80
What is the greatest common factor of 148050 and 12250?
350
What is the greatest common divisor of 678755 and 28700?
1435
Calculate the highest common factor of 5852 and 102578644.
532
What is the greatest common factor of 54589029 and 33?
33
Calculate the highest common factor of 232673126 and 98.
14
Calculate the greatest common factor of 29 and 37197256.
29
What is the greatest common factor of 35580 and 1146577360?
11860
What is the greatest common factor of 67 and 29805553?
67
Calculate the highest common divisor of 23310045 and 190575.
5445
Calculate the greatest common factor of 4352 and 430197920.
544
Calculate the greatest common factor of 778596 and 104.
52
Calculate the greatest common divisor of 3186952 and 16.
8
What is the greatest common factor of 1386 and 29100456?
1386
Calculate the highest common divisor of 187 and 94005461.
187
Calculate the greatest common divisor of 168073 and 7698.
1283
What is the greatest common divisor of 3212478 and 271669?
317
What is the highest common factor of 32 and 27982624?
32
What is the highest common divisor of 36 and 1115613588?
12
Calculate the greatest common divisor of 29232153 and 1035.
9
What is the greatest common divisor of 340171717 and 34?
17
Calculate the greatest common divisor of 3504 and 91056.
48
Calculate the highest common divisor of 25802001 and 4509.
1503
What is the highest common divisor of 105528 and 924744?
24
Calculate the highest common divisor of 323862 and 11746.
14
What is the greatest common divisor of 28577 and 11101?
17
What is the greatest common divisor of 802619 and 235?
47
What is the greatest common factor of 5837820 and 732?
12
Calculate the greatest common divisor of 76 and 188325530.
38
Calculate the highest common divisor of 27682 and 210701543.
13841
What is the highest common divisor of 828 and 328149234?
414
Calculate the highest common factor of 2544 and 1578488.
8
Calculate the greatest common divisor of 26 and 1021969481.
13
What is the greatest common factor of 219736 and 15488?
968
What is the highest common divisor of 561410346 and 3332?
1666
Calculate the greatest common factor of 57 and 13708462.
19
What is the highest common factor of 1273079 and 289?
17
What is the highest common divisor of 4380 and 465729780?
4380
What is the greatest common divisor of 243 and 346506?
3
Calculate the highest common divisor of 8489226 and 111786.
186
Calculate the highest common divisor of 432666 and 13518039.
5547
Calculate the greatest common divisor of 5751 and 1966771.
71
Calculate the greatest common divisor of 468752720 and 80.
80
What is the greatest common factor of 73418741 and 4059?
451
Calculate the greatest common divisor of 3 and 521689971.
3
What is the highest common factor of 39380 and 6977420?
3580
Calculate the highest common factor of 10702384 and 714.
238
What is the greatest common factor of 1072 and 1825561328?
1072
What is the greatest common divisor of 523975 and 25?
25
What is the greatest common divisor of 10 and 1797650590?
10
Calculate the highest common factor of 1514589 and 6568293.
7611
What is the greatest common divisor of 13090 and 15070?
110
Calculate the greatest common divisor of 7849468 and 440.
44
What is the highest common divisor of 341 and 1927921?
31
Calculate the highest common divisor of 212 and 19358144.
212
Calculate the highest common factor of 240 and 247757280.
240
What is the greatest common divisor of 14654 and 12767?
17
What is the greatest common factor of 5321 and 508419?
17
Calculate the highest common divisor of 374600 and 1640.
40
Calculate the highest common divisor of 8161405 and 35.
35
What is the greatest common divisor of 5448667 and 195279?
3829
What is the highest common divisor of 11394 and 22982964?
1266
What is the greatest common divisor of 7735959 and 87318?
2079
Calculate the highest common factor of 2293061405 and 85.
85
Calculate the highest common divisor of 8459271 and 116.
29
What is the greatest common factor of 910 and 1101282?
182
Calculate the greatest common factor of 314217166 and 554.
554
What is the highest common divisor of 64548219 and 4167?
1389
Calculate the greatest common divisor of 280 and 5586497.
7
What is the greatest common divisor of 26082 and 23226?
42
What is the greatest common divisor of 285 and 252797052?
57
What is the greatest common divisor of 16352 and 92540?
28
What is the highest common factor of 2495 and 59944870?
2495
What is the highest common divisor of 1295 and 468540065?
1295
Calculate the highest common factor of 246625 and 1418587.
1973
Calculate the highest common divisor of 139744641 and 32268.
8067
What is the greatest common factor of 283912806 and 846?
282
What is the highest common factor of 15095707 and 314?
157
Calculate the greatest common factor of 1817922 and 22326.
366
Calculate the greatest common divisor of 1497 and 169660499.
499
Calculate the greatest common divisor of 64175 and 5706050.
425
What is the highest common divisor of 4703424 and 4224?
21